w - 40. Let s = 52 - t. Let h = s + -14. List the prime factors of h.
13
Suppose 0 = -5*l + 3 + 7. Suppose 5*u = l*u + 66. What are the prime factors of u?
2, 11
Suppose 3*i - 20 - 46 = 0. List the prime factors of (-4)/(-22) + 238/i.
11
Let n(c) = -3*c - 3. What are the prime factors of n(-13)?
2, 3
Let k = -36 - -52. Suppose -u = 3*u - k, 5*o - 3*u + 2 = 0. Suppose f + q - o*q = 16, 3*f = 4*q + 51. List the prime factors of f.
13
Suppose 2*m = 2, 0 = -2*t + 5*m - 0*m - 11. What are the prime factors of 20/t*(-24)/16?
2, 5
Let t(h) = -24*h. List the prime factors of t(-1).
2, 3
Suppose -s - 5*t + 26 = 0, -7 - 3 = -3*s + 2*t. List the prime factors of 14/(-84) - (-331)/s.
5, 11
Let h = -55 - -75. What are the prime factors of h?
2, 5
Suppose -2*h - 26 = -114. What are the prime factors of h?
2, 11
Let b(s) = -40*s**3 + s + 1. What are the prime factors of b(-1)?
2, 5
Let w(o) = -o**2 + 14*o + 5. Let i be w(6). Let s = i + -31. List the prime factors of s.
2, 11
Let w = 7 + 0. Let y(u) = -u + 10. List the prime factors of y(w).
3
Let q = 116 + -110. What are the prime factors of q?
2, 3
Suppose 0*o = o - 160. Let d be (-4)/6 + o/15. Suppose -2*a + d = -0*a. What are the prime factors of a?
5
Suppose -2*r + u = -180, -2*u - 2*u = -r + 90. List the prime factors of r.
2, 3, 5
What are the prime factors of 246/4 + (-3)/6?
61
Let h = 1 + 3. Suppose -q = h*q - 15. What are the prime factors of q?
3
Suppose -7 - 8 = -5*g. Suppose -1 = g*k + z - 7, -10 = -5*k + 3*z. What are the prime factors of k?
2
Let u be ((-140)/(-8))/7*2. Suppose 5*d - 24 = l - 0, 5*d - 3*l = 22. Suppose -d = p, -u*i + 20 = p + 5. List the prime factors of i.
2
Let q = -65 + 220. List the prime factors of q.
5, 31
Let k be (24/2)/(-4) + 3. Suppose i - 19 - 6 = k. List the prime factors of i.
5
Let u be (4/6)/(6/(-18)). Let l be 3/(u/8*-6). Suppose -5*r + 5*i + 65 = 0, l*i + 3*i - 43 = -4*r. List the prime factors of r.
2, 3
Let k = 7 - 1. Let v be ((-50)/(-20))/(2/4). Suppose -k*c + 2*r = -2*c, -30 = -5*c - v*r. List the prime factors of c.
2
Let m = 12 + -6. Let t(k) = -m*k - 2 + 3*k - k. List the prime factors of t(-2).
2, 3
Let w(t) = -44*t**3 - 4*t - 3. What are the prime factors of w(-1)?
3, 5
Let f(z) = -2*z**2 + 4*z + 1. Let l(u) = -5*u**2 + 13*u + 3. Let n(o) = 8*f(o) - 3*l(o). List the prime factors of n(-6).
5
Let i = 16 + -13. Suppose i*h - 18 = -0*h. List the prime factors of h.
2, 3
Suppose -3*h + 3 = -3. Suppose 0 = -5*a + h*a - 6. What are the prime factors of (a/3)/(4/(-66))?
11
Let o(m) = m**3 - 5*m**2 - 3*m + 6. Let n be o(6). Suppose -4*u + u = -n. What are the prime factors of u?
2
Let d = -8 + 5. Let l be (2/d)/(8/(-36)). Suppose 13 = 4*m - l*t - 8, t = -2*m + 23. What are the prime factors of m?
3
Let t = -4 - -9. Suppose x + 2*s + 40 = 3*x, x - 8 = -t*s. List the prime factors of x.
2, 3
Suppose -3*q - 4*l - 178 = 0, -3*q - 2*l + 100 = -5*q. Let h = q + 100. List the prime factors of h.
2, 23
Suppose m + 2*m = -300. List the prime factors of ((-24)/(-20))/((-8)/m).
3, 5
Suppose 1 = 3*n + 3*a - 5*a, a + 11 = -2*n. Let y(x) = -2*x + 1. List the prime factors of y(n).
7
Let r(h) = -169*h**3 - 4*h**2 - 5*h. List the prime factors of r(-1).
2, 5, 17
Suppose -7*x = -5*x - 56. What are the prime factors of 122/7 - 12/x?
17
Let w = 5 + -5. Suppose w*h + 3*t = -h - 10, 4*h + 4*t = 0. What are the prime factors of h?
5
Let i(z) be the third derivative of z**4/4 + 26*z**2. Let d(v) = v**3 + 3*v**2 + 3*v + 3. Let h be d(-2). What are the prime factors of i(h)?
2, 3
Let s(f) = -f**3 + 6*f**2 - 3*f - 6. Let j be s(5). Let a(y) = y**2 + 5*y + 1. Let n be a(-5). List the prime factors of j*n*(-2 - -3).
2
Suppose 0*z = 5*z. Suppose -4*l = -5*x + 31, -2*x - 4*l = -z*x + 10. List the prime factors of x.
3
Let j(q) = q**2 + q + 2. Let l be j(-10). Suppose 18 + l = 5*u. List the prime factors of u.
2, 11
Let n(p) = -p**2 + 3. Let j be n(0). Suppose 82 = j*t - 8. Suppose -t = -2*l - 3*l. List the prime factors of l.
2, 3
List the prime factors of (-291)/(-2) - 2/(-4) - 3.
11, 13
Let m(c) = -7*c**2 + 4*c + 12. Let w(d) = -6*d**2 + 3*d + 11. Let g(i) = 5*m(i) - 6*w(i). What are the prime factors of g(-5)?
3
Let c(a) = -a**2 + 3*a - 1. Let w be c(2). List the prime factors of 1/2*26*w.
13
Suppose 1 = j - 2. What are the prime factors of j?
3
Suppose -4 = -4*u + 3*j, -j - j + 12 = u. Suppose m + 2 = 2*m. Let w = u - m. List the prime factors of w.
2
Suppose 5*u + 5*q - 40 = 0, -5*u + 2*q - 5 = -2*q. Suppose 3*b = -2*a + 11, 2*a - u = 4*b + 1. Suppose 0 = a*k - 3 - 53. List the prime factors of k.
2, 7
What are the prime factors of 122 + 10/5 - -4?
2
Let x = 3 + -3. Let m = -6 - -8. Suppose 5*i + m - 52 = x. What are the prime factors of i?
2, 5
Suppose 5*d - 3*d = 284. What are the prime factors of d?
2, 71
Let x(l) = l - 16. Let t be x(7). Let j = 14 - t. What are the prime factors of j?
23
Let u = 1 - -1. Suppose -3*w = 5*a - 2*w - 41, 35 = 3*a - u*w. What are the prime factors of a?
3
Let s(b) = b**2 + 11*b - 18. What are the prime factors of s(-17)?
2, 3, 7
Suppose -12 = -8*n + 4*n. Let v = n + 1. What are the prime factors of v?
2
Let b(t) = t**3 - 5*t**2 - 2*t + 7. Let w = 8 - 3. Let j be b(w). What are the prime factors of (2/(-2) - j) + 2?
2
Suppose 109 = 2*n - 9. Suppose 0 = -5*y + 106 + n. List the prime factors of y.
3, 11
Suppose 2 = 3*l - 1. Let x be l/(((-2)/3)/(-2)). Suppose -5 + 23 = x*m. What are the prime factors of m?
2, 3
Suppose 2*r = r + 10. Suppose -a + r = 3*o, -3*o + 30 = 2*o - a. Suppose -o*h + 61 = -2*c, -6 = 3*h + 2*c - 49. List the prime factors of h.
13
Let g = 6 - 4. Let h = g + 0. List the prime factors of h.
2
Let a(j) = -j + 4. Let b be a(0). Let w = 4 - b. Suppose 0 = -c - w + 11. What are the prime factors of c?
11
Let a(j) = -4*j + 1. Let d(h) = -7*h + 1. Let i(q) = -11*a(q) + 6*d(q). Let g be i(4). What are the prime factors of 14/g - 2/(-6)?
5
Let c be (-160)/12*(-3)/2. Suppose -2*a - w + 8 = 2*w, -c = -5*a + w. Suppose 4*q = 16 - a. What are the prime factors of q?
3
Let g be (3 - 0)/(1/7). Let d = -13 + g. Suppose 2*q - d - 4 = 0. What are the prime factors of q?
2, 3
Suppose 16 = 4*y - 2*b, 2*y = 5*y - 3*b - 9. Suppose 4*u - 24 = -2*i, 0*u + 5*i = y*u - 15. List the prime factors of u.
5
Suppose 14 = 4*n - 2*g, -2*g = -2*n - 0*g + 12. Suppose 5*v + 3*p - n = -3, 5*v - p - 14 = 0. What are the prime factors of v?
2
Let c(v) = v**3 - 9*v**2 - 8*v - 7. Let w be c(10). Suppose h = 22 + 3. Let k = h - w. List the prime factors of k.
2, 3
Let y = 55 + -30. Suppose -11 - y = 3*d. Let j = d - -24. List the prime factors of j.
2, 3
Suppose 4*a - 14 = 3*q, -3*q = -3*a - 4*q + 4. Suppose -z + a = -2. Let c = z - -2. List the prime factors of c.
2, 3
Let s(i) = i + 1. Let k(n) = 8*n + 10. Let x(v) = -k(v) + 6*s(v). List the prime factors of x(-5).
2, 3
Let m be 3/(1 + 3/(-12)). Suppose -19 = -h + 2*k, -3*h + 29 = m*k - 38. What are the prime factors of h?
3, 7
Suppose 7*g - 4*g = -4*c - 5, 3*c = -6. Let r be g*18/3*-1. List the prime factors of 3/(r/(-4)) - -5.
7
Let t be (-9)/(4 - 26/8). List the prime factors of t/(-8)*(-80)/(-12).
2, 5
Suppose 32 = 3*r + r. Let a = r + -4. List the prime factors of a.
2
Suppose -5*l = 11*l - 4592. List the prime factors of l.
7, 41
Let n = 2 - -1. Let x = n + 0. Suppose -x*m = -p + 27, p = -0*p - 5*m - 13. What are the prime factors of p?
2, 3
Let f be ((-5)/(-10))/((-1)/(-82)). Suppose 4*g = j - f, -3*j - 3*g + 48 = -15. Suppose -y = -3*i - j, 4*y = -5*i + 20 + 12. List the prime factors of y.
13
Suppose 2*s - s - 10 = -o, 4*o = -3*s + 35. List the prime factors of 3 - s - (-63)/3.
19
Suppose 124 = 4*o - 7*p + 3*p, -3*o + p = -89. List the prime factors of o.
29
List the prime factors of 4 + (-40)/5 + 284.
2, 5, 7
Suppose -290 = 24*l - 29*l. List the prime factors of l.
2, 29
Suppose -c = 2*c + 3. Let f(z) = -14*z. List the prime factors of f(c).
2, 7
Let u be (2/(-2))/(3/(-24)). Let t = 1 + u. What are the prime factors of (-2)/9 - (-47)/t?
5
Let i(g) = 7*g**3 + g**2. Let n be -3 - -4 - 4/(-2). Suppose 4*h + 11 = n*j, 4*j + 0 - 10 = 3*h. List the prime factors of i(j).
2
Suppose -f - 150 = -6*t + t, 3*f + 44 = t. Let p = t - 15. What are the prime factors of p?
2, 7
Let d(b) = 2 + 0 - b + 0 - b. List the prim